 10*m**2 - 10*m + 4. Let f be j(9). Let z be (2*-1)/(2 - 3). Let a be (f/2)/(z/4). Let t(y) = -y**3 - 4*y**2 + 6*y - 5. Calculate t(a).
-10
Let j(x) = x**3 - 2*x**2 + 2*x - 1. Suppose 0 = -9*o + 2*o - 22*o. What is j(o)?
-1
Let s(u) = -6*u - 2. Let z(n) = 15*n - 4. Let r(b) = 4*s(b) + 2*z(b). Give r(4).
8
Let a be 26/3 + (51/(-9) - -6). Suppose 10*n = a*n. Let z(h) = h**3 + h**2 - h + 3. What is z(n)?
3
Let g(r) = -4 + 5 + 2*r**2 + r**3 - 3*r**2. Let m be 1/(-1*2/(-2)). Let q be 1 + -4 + m*2. Give g(q).
-1
Let u(p) = p**3 - 4*p**2 + p - 1. Suppose 3*f = 2*i + 6 + 1, 2 = 4*f + i. Suppose -l + f = -3. Suppose l*y = 1 + 7. Give u(y).
-7
Let j(n) = -n**2 - n + 7. Suppose -191 = 5*o - d - 171, -5*o - 20 = -2*d. Determine j(o).
-5
Let l(v) be the second derivative of 1/2*v**2 + 1/6*v**3 - 3/10*v**5 + 0 + 1/12*v**4 - 13*v. Let r = -1 - 0. Determine l(r).
7
Let a(t) = t**3 - 10*t**2 - 11*t - 12. Let i = -1533 + 1544. What is a(i)?
-12
Suppose -23 = 5*i - 3*z, 46 = -2*i - z + 39. Let j(l) = -l**3 - 9*l**2 - 7*l - 6. Determine j(i).
-58
Let u = 1 + 5. Let b(i) = -2 - u*i - 2*i + 11 + i + i**2. Determine b(7).
9
Let i be 2/8 + (-1734)/(-8). Let c(o) = -217*o + i*o - o**2. Let d be (-6)/(-21) + 46/(-14). Give c(d).
-9
Let r(w) be the second derivative of w**3/6 + 7*w**2/2 - w - 22. Let h be r(-2). Let m(o) = o**2 - 3*o - 6. Determine m(h).
4
Let a(h) = h + 1. Let t(v) = 9 + 1 + 5*v - 9. Let x(i) = 3*a(i) - t(i). Let z be x(-1). Let b(r) = r**3 - 5*r**2 + 5*r - 4. Give b(z).
0
Let m(k) be the second derivative of k**7/2520 + k**6/120 + 7*k**5/120 - k**4/3 - 28*k. Let v(j) be the third derivative of m(j). Determine v(-5).
2
Let n(w) = -w**3 + 4*w**2 - 4*w - 4. Let k(d) = 2*d**3 - 8*d**2 + 8*d + 9. Let v = 28 - 23. Let h(g) = v*n(g) + 2*k(g). Determine h(4).
-18
Let r(w) = -9*w**2 - w**3 - w**2 + 5*w**2 + 2*w + 0 - 2. Give r(-4).
-26
Suppose -k - 3*o = -1, -9 = -3*k - 5*o + 2. Let n(a) be the first derivative of a**2/2 - 10*a + 25. Give n(k).
-3
Let w = 524 - 521. Let v(t) be the third derivative of -5/6*t**w - 1/60*t**5 + 0 - t**2 + 0*t - 1/12*t**4. Give v(-4).
-13
Let p(u) = -u**3 + 1. Let j(z) = z**2 - z - 10. Let n be ((-2)/(-8))/(1/16). Let m be j(n). What is p(m)?
-7
Suppose -2*q + 88 = 4*w, -w = -3*q - 17 + 2. Let x = 17 - w. Let s(a) be the second derivative of -a**5/20 - a**4/3 + a**2/2 + a. Give s(x).
1
Let w(b) = -15*b - 6. Suppose -6 = -2*u - 8. Let x be w(u). Let g(r) = r - 4. Calculate g(x).
5
Let p = -727 - -734. Let r(m) = m**3 - 7*m**2 - m - 10. Determine r(p).
-17
Let f(r) = 4*r - 29. Let x(u) = 10*u - 57. Let s(i) = -7*f(i) + 3*x(i). Give s(-12).
8
Let n(w) = -w**2 + 19*w - 96. Let y be n(13). Let o(k) = k**2 + 19*k + 15. What is o(y)?
-3
Let n be (-1)/4*(-10 + -9 + 23). Let f(r) = -5*r**3 - 2*r + 5. Let x(p) = -5*p**3 - 2*p + 6. Let h(d) = -7*f(d) + 6*x(d). Determine h(n).
-6
Let t(p) = 4*p**2 + 24*p + 61. Let d(j) = -j**2. Let a(b) = 3*d(b) + t(b). What is a(-21)?
-2
Let w(z) be the second derivative of -z**3/6 + 6*z + 2. What is w(1)?
-1
Suppose -m - 4 = -3*m. Suppose 0 = -l + m - 9. Let u(v) = v**3 + 8*v**2 + 8*v + 4. Let a be u(l). Let h(f) = 3*f. What is h(a)?
-9
Suppose -15 = 2*d - 3*d. Suppose z - u + 6 = -0*u, 0 = -z + 4*u - d. Let j(s) = -s**3 - 5*s**2 - 4*s - 2. Give j(z).
-8
Suppose 3*k - 26 = -4*q, -k + 8 = -4*q + 26. Let m(f) = 5*f**2 + 2*f - 19. Let w(i) = -i**2 + 4. Let t(a) = 2*m(a) + 11*w(a). Calculate t(q).
1
Suppose 3*h + 4*j - 9 = 0, -6*j = -3*h - 7*j. Let s(u) = 6*u**2 - 2*u - 1. Calculate s(h).
7
Let b = 2 + 6. Let a(k) be the second derivative of 0 + 1/6*k**3 + k - 4*k**2. Determine a(b).
0
Let q = 12 + -16. Let w be -1*(-3 + (-3)/(-1)). Let p(j) = w*j + 2 + 3*j - j. Calculate p(q).
-6
Let i(u) = 2*u**3 + 6*u**2 + u + 5. Suppose 0 = 2*g - 2*o, 3*g = 2*g + 2*o + 4. Let k(w) = -3*w**3 - 7*w**2 - w - 6. Let c(q) = g*i(q) - 3*k(q). Determine c(3).
-5
Let z(t) = 527*t + 0 - 1 - 526*t - 2*t**2 - t**3. Give z(-3).
5
Let s(k) = -9 + 3 + 2 - k - 2. Let m(z) = z**3 + 6*z**2 + 7*z + 4. Let f be m(-5). Calculate s(f).
0
Let l(o) = -1397*o - 11 + 2776*o - 1380*o. Let h = -2 - -4. Suppose -h*y - 4*k + 6 = 0, 2*y + 0*y - 2 = -3*k. Determine l(y).
-6
Let t(a) = -7*a**3 + a**2 - 7*a - 12. Let q(r) = 5*r**3 + r**2 + 7*r + 11. Let l(j) = -4*q(j) - 3*t(j). Determine l(8).
0
Let b(z) = 9*z**2 - 10*z + 5. Let s(d) = 11*d**2 - 12*d + 6. Let f(g) = 5*b(g) - 4*s(g). Calculate f(6).
25
Let j(v) be the first derivative of -v**2/2 - 4*v - 25. Suppose -3*z + 4*y + 10 = 0, -4*z + 2*y + 2*y + 20 = 0. Let c = 5 - z. What is j(c)?
1
Let g be (-1 - 5)/(24/(-16)). Suppose x + 2*k - 2 = -k, -x - g*k + 4 = 0. Let f(v) be the second derivative of -v**3/2 - 5*v**2/2 + v. Calculate f(x).
7
Let p(t) = -10*t**2. Suppose 0*y = 8*y - 24. Suppose -69*a - y = -66*a. Determine p(a).
-10
Let p(f) = 10*f**2 + 86*f**3 + 22*f**2 - 10 - 85*f**3 - f - 43*f**2. Calculate p(11).
-21
Suppose -18*b + 506 = -7*b. Let n = 49 - b. Let d(z) = z**3 - z**2 - 6*z + 2*z - 2*z**2 + 4. Determine d(n).
-8
Let i(q) = -q**2 + 5*q + 6. Let s = 942 - 933. Give i(s).
-30
Let v(c) = -8*c + 3 - 5*c - 11*c**2 + 11*c. Let d(w) = -w**2 - w + 1. Let o(u) = -3*d(u) + v(u). What is o(1)?
-7
Let b(g) = -2*g**2 + 2*g + 3 + 4*g - g. Determine b(4).
-9
Let k(n) be the third derivative of 5/6*n**3 + 0*n + 0 - 27*n**2 + 1/24*n**4. Give k(-6).
-1
Let p(d) = -2*d**2 - 7*d - 6. Suppose -7*f = -2*f + 30. Calculate p(f).
-36
Let g(l) = -16*l**3 + l**2. Suppose k + 0*k = 3. Suppose k*t - 9*t = 6. What is g(t)?
17
Let x(q) = -q**2 - 25*q + 357. Let o be x(-35). Let f(v) = -v + 2. Let a(c) = c - 1. Let r(i) = -2*a(i) - f(i). Calculate r(o).
-7
Let i = -25 - -29. Let p = 6 - i. Let x(a) = a - 4*a**2 + 6*a**p + a - a**3 + 2*a**3 + 1. Determine x(-1).
0
Let d(x) be the third derivative of -x**5/60 + x**4/24 + 19*x**3/3 - 30*x**2 - 9. Determine d(-6).
-4
Suppose -6*g = -13*g - 21. Let s be 1/1 - (4 + g). Let t = s - 4. Let f(p) = -p**3 - 3*p**2 + 5*p - 1. Determine f(t).
-5
Let k(a) = a + 13. Let q(h) = -1. Let u(m) = -m - 7. Let y(v) = 3*q(v) + u(v). Let n be y(-2). Give k(n).
5
Let x(i) = -3*i + 3. Let c(b) = 7*b - 7. Let g(r) = -r**2 + 11*r - 18. Let d be g(10). Let m(v) = d*x(v) - 3*c(v). Let s = 10 + -6. Determine m(s).
9
Let i be (-2 + -1)*(-6 - 96/(-18)). Let t(q) = -22 - q**3 + 4*q**i + 39 - 18 + 2*q. Give t(4).
7
Let s(z) = 2*z**3 + 0*z - z + 5*z**2 - 2*z**3 + z**3 + 2. Suppose 3*v - 2*v = -5. Calculate s(v).
7
Let m = -17 + 20. Suppose 3*q - 12 = 5*q - 2*j, 0 = -3*q - m*j - 24. Let s(o) = -o + 6. Calculate s(q).
13
Let x(b) = -3*b + 2*b - b. Suppose q - 2 = -z, -10 = -5*q + 4*q + z. Suppose q = -3*v - 0*v. Calculate x(v).
4
Let o(i) = -19*i**3 + 32*i**2 + 6*i - 13. Let y(v) = 12*v**3 - 21*v**2 - 4*v + 9. Let h(j) = 5*o(j) + 8*y(j). What is h(8)?
-9
Let i(c) be the third derivative of 1/24*c**4 - 1/40*c**6 + 0 + 1/6*c**3 - 1/60*c**5 - 38*c**2 + 0*c. Calculate i(-1).
2
Suppose 5*m - 5 = 4*w, -1 + 2 = m - 4*w. Let l(i) = 3 - 3 - m - 6*i. Let b = -25 + 24. Determine l(b).
5
Let q = -1454 + 1438. Let h(i) = i + 6. Calculate h(q).
-10
Let i(q) be the first derivative of q**2 - 15*q - 404. Calculate i(11).
7
Let s = 11 - 15. Let f = 3 + s. Let w(h) be the second derivative of 7*h**3/6 + h**2/2 - 141*h. Calculate w(f).
-6
Let o be 70/(-15) - 20/(-12). Let v(h) = -h**3 - 4*h**2 - 4*h - 3. Calculate v(o).
0
Let q(k) be the second derivative of -k**3/6 + 2*k**2 + 2*k + 77. Give q(8).
-4
Let a(p) = -2*p**2 - 2. Suppose 0 = 2*j + 5*u - 4, 5*j - u = -0*j - 17. Let s(h) = h**2. Let n(g) = j*s(g) - a(g). Determine n(-3).
-7
Let t(f) be the first derivative of -11*f**6/360 + f**5/120 - 14*f**3/3 - 20. Let m(a) be the third derivative of t(a). Give m(1).
-10
Let w = 11 + -9. Let y(v) = 0 - 3*v - v**3 - 4*v**2 + 4*v**w + 3*v**2 + 1. Determine y(3).
-8
Suppose 2*l + 3*l - 325 = 0. Suppose -60*y = -l*y - 15. Let h(f) be the third derivative of -f**5/60 - f**4/12 + f**3/3 + f**2. What is h(y)?
-1
Let q(h) be the second derivative of -2*h**3/3 + 2*h. Let f = -791 - -790. Determine q(f).
4
Let u(x) = x**2 - 3*x - 4. Let k be u(5). Let v(g) be the second derivative of 0 - 2*g - 7/6*g**3 + 1/12*g**4 + 3/2*g**2. Calculate v(k).
-3
Let q(r) be the second derivative of r**4/12 + 5*r**3/6 + 7*r**2/2 + 3*r. Suppose 4*g + 3*y = y